{"id":10795,"date":"2025-07-16T08:18:11","date_gmt":"2025-07-16T08:18:11","guid":{"rendered":"http:\/\/www.entihome.com\/?page_id=10795"},"modified":"2025-07-16T08:18:11","modified_gmt":"2025-07-16T08:18:11","slug":"kisisel-verilerin-korunmasi","status":"publish","type":"page","link":"https:\/\/www.entihome.com\/index.php\/kisisel-verilerin-korunmasi\/","title":{"rendered":"Ki\u015fisel Verilerin Korunmas\u0131"},"content":{"rendered":"<div class=\"wpb-content-wrapper\"><p>[vc_row][vc_column][vc_column_text css=&#8221;&#8221; woodmart_inline=&#8221;no&#8221; text_larger=&#8221;no&#8221;]<\/p>\n<h5>ENT\u0130 MOB\u0130LYA \u0130TH. \u0130HR. \u0130ML. T\u0130C. VE SAN. LTD. \u015eT\u0130 olarak ki\u015fisel verilerinizin g\u00fcvenli\u011fi hususuna azami hassasiyet g\u00f6stermekteyiz. ENT\u0130 MOB\u0130LYA (ENT\u0130 HOME) veri sorumlusu olarak 6698 say\u0131l\u0131 Ki\u015fisel Verilerin Korunmas\u0131 Kanunu\u2019na (&#8220;KVK Kanunu\u201d) uyum sa\u011flamas\u0131 i\u00e7in KVK Kanunu\u2019nun \u00f6ng\u00f6rd\u00fc\u011f\u00fc ilkeleri benimsemekte, ki\u015fisel verilerin i\u015flenmesi, silinmesi, yok edilmesi, anonim hale getirilmesi, aktar\u0131lmas\u0131, ilgili ki\u015finin ayd\u0131nlat\u0131lmas\u0131 ve veri g\u00fcvenli\u011finin sa\u011flanmas\u0131yla ilgili y\u00fck\u00fcml\u00fcl\u00fcklerini yerine getirmektedir.<br \/>\nENT\u0130 HOME taraf\u0131ndan ki\u015fisel verilerinizin ne t\u00fcr y\u00f6ntemler arac\u0131l\u0131\u011f\u0131yla ve hangi ama\u00e7lar do\u011frultusunda i\u015flendi\u011fi ve sakland\u0131\u011f\u0131 hakk\u0131nda daha detayl\u0131 bilgi i\u00e7in kurum politikalar\u0131m\u0131z\u0131, ayd\u0131nlatma metinlerimizi ve bilgilendirmelerimizi inceleyebilirsiniz.<\/h5>\n<p>[\/vc_column_text][\/vc_column][\/vc_row]<\/p>\n<\/div>","protected":false},"excerpt":{"rendered":"<p>[vc_row][vc_column][vc_column_text css=&#8221;&#8221; woodmart_inline=&#8221;no&#8221; text_larger=&#8221;no&#8221;] ENT\u0130 MOB\u0130LYA \u0130TH. \u0130HR. \u0130ML. T\u0130C. VE SAN. LTD. \u015eT\u0130 olarak ki\u015fisel verilerinizin g\u00fcvenli\u011fi hususuna azami<\/p>\n","protected":false},"author":1,"featured_media":0,"parent":0,"menu_order":0,"comment_status":"closed","ping_status":"closed","template":"","meta":{"footnotes":""},"class_list":["post-10795","page","type-page","status-publish","hentry"],"yoast_head":"<!-- This site is optimized with the Yoast SEO plugin v27.4 - https:\/\/yoast.com\/product\/yoast-seo-wordpress\/ -->\n<title>Ki\u015fisel Verilerin Korunmas\u0131 - ENT\u0130 HOME<\/title>\n<meta name=\"robots\" content=\"index, follow, max-snippet:-1, max-image-preview:large, max-video-preview:-1\" \/>\n<link rel=\"canonical\" href=\"https:\/\/www.entihome.com\/index.php\/kisisel-verilerin-korunmasi\/\" \/>\n<meta property=\"og:locale\" content=\"tr_TR\" \/>\n<meta property=\"og:type\" content=\"article\" \/>\n<meta property=\"og:title\" content=\"Ki\u015fisel Verilerin Korunmas\u0131 - ENT\u0130 HOME\" \/>\n<meta property=\"og:description\" content=\"[vc_row][vc_column][vc_column_text css=&#8221;&#8221; woodmart_inline=&#8221;no&#8221; text_larger=&#8221;no&#8221;] ENT\u0130 MOB\u0130LYA \u0130TH. \u0130HR. \u0130ML. T\u0130C. VE SAN. LTD. \u015eT\u0130 olarak ki\u015fisel verilerinizin g\u00fcvenli\u011fi hususuna azami\" \/>\n<meta property=\"og:url\" content=\"https:\/\/www.entihome.com\/index.php\/kisisel-verilerin-korunmasi\/\" \/>\n<meta property=\"og:site_name\" content=\"ENT\u0130 HOME\" \/>\n<meta name=\"twitter:card\" content=\"summary_large_image\" \/>\n<meta name=\"twitter:label1\" content=\"Tahmini okuma s\u00fcresi\" \/>\n\t<meta name=\"twitter:data1\" content=\"1 dakika\" \/>\n<script type=\"application\/ld+json\" class=\"yoast-schema-graph\">{\"@context\":\"https:\\\/\\\/schema.org\",\"@graph\":[{\"@type\":\"WebPage\",\"@id\":\"https:\\\/\\\/www.entihome.com\\\/index.php\\\/kisisel-verilerin-korunmasi\\\/\",\"url\":\"https:\\\/\\\/www.entihome.com\\\/index.php\\\/kisisel-verilerin-korunmasi\\\/\",\"name\":\"Ki\u015fisel Verilerin Korunmas\u0131 - ENT\u0130 HOME\",\"isPartOf\":{\"@id\":\"https:\\\/\\\/www.entihome.com\\\/#website\"},\"datePublished\":\"2025-07-16T08:18:11+00:00\",\"breadcrumb\":{\"@id\":\"https:\\\/\\\/www.entihome.com\\\/index.php\\\/kisisel-verilerin-korunmasi\\\/#breadcrumb\"},\"inLanguage\":\"tr\",\"potentialAction\":[{\"@type\":\"ReadAction\",\"target\":[\"https:\\\/\\\/www.entihome.com\\\/index.php\\\/kisisel-verilerin-korunmasi\\\/\"]}]},{\"@type\":\"BreadcrumbList\",\"@id\":\"https:\\\/\\\/www.entihome.com\\\/index.php\\\/kisisel-verilerin-korunmasi\\\/#breadcrumb\",\"itemListElement\":[{\"@type\":\"ListItem\",\"position\":1,\"name\":\"Home\",\"item\":\"https:\\\/\\\/www.entihome.com\\\/\"},{\"@type\":\"ListItem\",\"position\":2,\"name\":\"Ki\u015fisel Verilerin Korunmas\u0131\"}]},{\"@type\":\"WebSite\",\"@id\":\"https:\\\/\\\/www.entihome.com\\\/#website\",\"url\":\"https:\\\/\\\/www.entihome.com\\\/\",\"name\":\"Enti Home Mobilya\",\"description\":\"\",\"publisher\":{\"@id\":\"https:\\\/\\\/www.entihome.com\\\/#organization\"},\"potentialAction\":[{\"@type\":\"SearchAction\",\"target\":{\"@type\":\"EntryPoint\",\"urlTemplate\":\"https:\\\/\\\/www.entihome.com\\\/?s={search_term_string}\"},\"query-input\":{\"@type\":\"PropertyValueSpecification\",\"valueRequired\":true,\"valueName\":\"search_term_string\"}}],\"inLanguage\":\"tr\"},{\"@type\":\"Organization\",\"@id\":\"https:\\\/\\\/www.entihome.com\\\/#organization\",\"name\":\"Enti Home Mobilya\",\"url\":\"https:\\\/\\\/www.entihome.com\\\/\",\"logo\":{\"@type\":\"ImageObject\",\"inLanguage\":\"tr\",\"@id\":\"https:\\\/\\\/www.entihome.com\\\/#\\\/schema\\\/logo\\\/image\\\/\",\"url\":\"https:\\\/\\\/www.entihome.com\\\/wp-content\\\/uploads\\\/2025\\\/07\\\/logooo1.png\",\"contentUrl\":\"https:\\\/\\\/www.entihome.com\\\/wp-content\\\/uploads\\\/2025\\\/07\\\/logooo1.png\",\"width\":500,\"height\":278,\"caption\":\"Enti Home Mobilya\"},\"image\":{\"@id\":\"https:\\\/\\\/www.entihome.com\\\/#\\\/schema\\\/logo\\\/image\\\/\"},\"sameAs\":[\"https:\\\/\\\/www.instagram.com\\\/entihome_\\\/\"]}]}<\/script>\n<!-- \/ Yoast SEO plugin. -->","yoast_head_json":{"title":"Ki\u015fisel Verilerin Korunmas\u0131 - ENT\u0130 HOME","robots":{"index":"index","follow":"follow","max-snippet":"max-snippet:-1","max-image-preview":"max-image-preview:large","max-video-preview":"max-video-preview:-1"},"canonical":"https:\/\/www.entihome.com\/index.php\/kisisel-verilerin-korunmasi\/","og_locale":"tr_TR","og_type":"article","og_title":"Ki\u015fisel Verilerin Korunmas\u0131 - ENT\u0130 HOME","og_description":"[vc_row][vc_column][vc_column_text css=&#8221;&#8221; woodmart_inline=&#8221;no&#8221; text_larger=&#8221;no&#8221;] ENT\u0130 MOB\u0130LYA \u0130TH. \u0130HR. \u0130ML. T\u0130C. VE SAN. LTD. \u015eT\u0130 olarak ki\u015fisel verilerinizin g\u00fcvenli\u011fi hususuna azami","og_url":"https:\/\/www.entihome.com\/index.php\/kisisel-verilerin-korunmasi\/","og_site_name":"ENT\u0130 HOME","twitter_card":"summary_large_image","twitter_misc":{"Tahmini okuma s\u00fcresi":"1 dakika"},"schema":{"@context":"https:\/\/schema.org","@graph":[{"@type":"WebPage","@id":"https:\/\/www.entihome.com\/index.php\/kisisel-verilerin-korunmasi\/","url":"https:\/\/www.entihome.com\/index.php\/kisisel-verilerin-korunmasi\/","name":"Ki\u015fisel Verilerin Korunmas\u0131 - ENT\u0130 HOME","isPartOf":{"@id":"https:\/\/www.entihome.com\/#website"},"datePublished":"2025-07-16T08:18:11+00:00","breadcrumb":{"@id":"https:\/\/www.entihome.com\/index.php\/kisisel-verilerin-korunmasi\/#breadcrumb"},"inLanguage":"tr","potentialAction":[{"@type":"ReadAction","target":["https:\/\/www.entihome.com\/index.php\/kisisel-verilerin-korunmasi\/"]}]},{"@type":"BreadcrumbList","@id":"https:\/\/www.entihome.com\/index.php\/kisisel-verilerin-korunmasi\/#breadcrumb","itemListElement":[{"@type":"ListItem","position":1,"name":"Home","item":"https:\/\/www.entihome.com\/"},{"@type":"ListItem","position":2,"name":"Ki\u015fisel Verilerin Korunmas\u0131"}]},{"@type":"WebSite","@id":"https:\/\/www.entihome.com\/#website","url":"https:\/\/www.entihome.com\/","name":"Enti Home Mobilya","description":"","publisher":{"@id":"https:\/\/www.entihome.com\/#organization"},"potentialAction":[{"@type":"SearchAction","target":{"@type":"EntryPoint","urlTemplate":"https:\/\/www.entihome.com\/?s={search_term_string}"},"query-input":{"@type":"PropertyValueSpecification","valueRequired":true,"valueName":"search_term_string"}}],"inLanguage":"tr"},{"@type":"Organization","@id":"https:\/\/www.entihome.com\/#organization","name":"Enti Home Mobilya","url":"https:\/\/www.entihome.com\/","logo":{"@type":"ImageObject","inLanguage":"tr","@id":"https:\/\/www.entihome.com\/#\/schema\/logo\/image\/","url":"https:\/\/www.entihome.com\/wp-content\/uploads\/2025\/07\/logooo1.png","contentUrl":"https:\/\/www.entihome.com\/wp-content\/uploads\/2025\/07\/logooo1.png","width":500,"height":278,"caption":"Enti Home Mobilya"},"image":{"@id":"https:\/\/www.entihome.com\/#\/schema\/logo\/image\/"},"sameAs":["https:\/\/www.instagram.com\/entihome_\/"]}]}},"_links":{"self":[{"href":"https:\/\/www.entihome.com\/index.php\/wp-json\/wp\/v2\/pages\/10795","targetHints":{"allow":["GET"]}}],"collection":[{"href":"https:\/\/www.entihome.com\/index.php\/wp-json\/wp\/v2\/pages"}],"about":[{"href":"https:\/\/www.entihome.com\/index.php\/wp-json\/wp\/v2\/types\/page"}],"author":[{"embeddable":true,"href":"https:\/\/www.entihome.com\/index.php\/wp-json\/wp\/v2\/users\/1"}],"replies":[{"embeddable":true,"href":"https:\/\/www.entihome.com\/index.php\/wp-json\/wp\/v2\/comments?post=10795"}],"version-history":[{"count":1,"href":"https:\/\/www.entihome.com\/index.php\/wp-json\/wp\/v2\/pages\/10795\/revisions"}],"predecessor-version":[{"id":10797,"href":"https:\/\/www.entihome.com\/index.php\/wp-json\/wp\/v2\/pages\/10795\/revisions\/10797"}],"wp:attachment":[{"href":"https:\/\/www.entihome.com\/index.php\/wp-json\/wp\/v2\/media?parent=10795"}],"curies":[{"name":"wp","href":"https:\/\/api.w.org\/{rel}","templated":true}]}}